78.
2, 103, 613
What are the prime factors of 857?
857
What are the prime factors of 84731?
84731
What are the prime factors of 1494?
2, 3, 83
List the prime factors of 1236.
2, 3, 103
What are the prime factors of 294?
2, 3, 7
What are the prime factors of 646?
2, 17, 19
List the prime factors of 1526.
2, 7, 109
What are the prime factors of 1125?
3, 5
List the prime factors of 159676.
2, 11, 19, 191
What are the prime factors of 42124?
2, 10531
List the prime factors of 156229.
156229
What are the prime factors of 6586?
2, 37, 89
What are the prime factors of 23196?
2, 3, 1933
List the prime factors of 1371.
3, 457
What are the prime factors of 2327?
13, 179
List the prime factors of 2416.
2, 151
List the prime factors of 7412.
2, 17, 109
What are the prime factors of 23065?
5, 7, 659
What are the prime factors of 60864?
2, 3, 317
What are the prime factors of 618?
2, 3, 103
What are the prime factors of 2427?
3, 809
What are the prime factors of 56557?
23, 2459
List the prime factors of 794.
2, 397
List the prime factors of 3592.
2, 449
List the prime factors of 9587.
9587
List the prime factors of 51354.
2, 3, 317
List the prime factors of 402.
2, 3, 67
What are the prime factors of 392?
2, 7
What are the prime factors of 15224?
2, 11, 173
What are the prime factors of 52936?
2, 13, 509
List the prime factors of 137.
137
List the prime factors of 16417.
16417
List the prime factors of 39461.
39461
List the prime factors of 547.
547
What are the prime factors of 82210?
2, 5, 8221
List the prime factors of 22788.
2, 3, 211
List the prime factors of 1789.
1789
What are the prime factors of 6488?
2, 811
What are the prime factors of 7825?
5, 313
What are the prime factors of 1753?
1753
List the prime factors of 55623.
3, 18541
List the prime factors of 8620.
2, 5, 431
List the prime factors of 77014.
2, 7, 5501
What are the prime factors of 133?
7, 19
What are the prime factors of 4948?
2, 1237
What are the prime factors of 2455?
5, 491
List the prime factors of 10794.
2, 3, 7, 257
List the prime factors of 1070.
2, 5, 107
List the prime factors of 1416.
2, 3, 59
List the prime factors of 1674.
2, 3, 31
What are the prime factors of 1886?
2, 23, 41
What are the prime factors of 2478?
2, 3, 7, 59
What are the prime factors of 4165?
5, 7, 17
List the prime factors of 2137.
2137
List the prime factors of 10936.
2, 1367
List the prime factors of 3595.
5, 719
List the prime factors of 106345.
5, 21269
What are the prime factors of 12777?
3, 4259
List the prime factors of 102108.
2, 3, 67, 127
What are the prime factors of 1862?
2, 7, 19
What are the prime factors of 8560?
2, 5, 107
List the prime factors of 39649.
31, 1279
List the prime factors of 13534.
2, 67, 101
What are the prime factors of 96249?
3, 32083
What are the prime factors of 67976?
2, 29, 293
List the prime factors of 50078.
2, 7, 73
What are the prime factors of 15301?
11, 13, 107
List the prime factors of 13049.
13049
What are the prime factors of 7566?
2, 3, 13, 97
What are the prime factors of 884?
2, 13, 17
What are the prime factors of 50662?
2, 73, 347
List the prime factors of 1168.
2, 73
What are the prime factors of 21339?
3, 2371
List the prime factors of 55331.
55331
What are the prime factors of 2876?
2, 719
What are the prime factors of 14?
2, 7
List the prime factors of 8720.
2, 5, 109
List the prime factors of 20494.
2, 10247
What are the prime factors of 29630?
2, 5, 2963
What are the prime factors of 38108?
2, 7, 1361
What are the prime factors of 2552?
2, 11, 29
List the prime factors of 44152.
2, 5519
What are the prime factors of 14357?
7, 293
List the prime factors of 6615.
3, 5, 7
What are the prime factors of 508?
2, 127
What are the prime factors of 44424?
2, 3, 617
List the prime factors of 8137.
79, 103
What are the prime factors of 14363?
53, 271
What are the prime factors of 14771?
14771
What are the prime factors of 264?
2, 3, 11
List the prime factors of 1989.
3, 13, 17
List the prime factors of 8654.
2, 4327
What are the prime factors of 3790?
2, 5, 379
List the prime factors of 618.
2, 3, 103
List the prime factors of 8043.
3, 7, 383
List the prime factors of 6346.
2, 19, 167
List the prime factors of 5069.
37, 137
List the prime factors of 414.
2, 3, 23
List the prime factors of 3596.
2, 29, 31
What are the prime factors of 1144?
2, 11, 13
What are the prime factors of 4932?
2, 3, 137
What are the prime factors of 3609?
3, 401
What are the prime factors of 29624?
2, 7, 23
What are the prime factors of 2610?
2, 3, 5, 29
List the prime factors of 94814.
2, 47407
What are the prime factors of 11559?
3, 3853
What are the prime factors of 1324?
2, 331
List the prime factors of 131012.
2, 7, 4679
What are the prime factors of 57704?
2, 7213
List the prime factors of 2034.
2, 3, 113
What are the prime factors of 1537?
29, 53
What are the prime factors of 4937?
4937
What are the prime factors of 3721?
61
What are the prime factors of 1345?
5, 269
List the prime factors of 6163.
6163
What are the prime factors of 92703?
3, 13, 2377
What are the prime factors of 53798?
2, 37, 727
List the prime factors of 82364.
2, 59, 349
List the prime factors of 850.
2, 5, 17
What are the prime factors of 62225?
5, 19, 131
List the prime factors of 8638.
2, 7, 617
List the prime factors of 100.
2, 5
List the prime factors of 273.
3, 7, 13
List the prime factors of 9799.
41, 239
What are the prime factors of 1258?
2, 17, 37
List the prime factors of 1383.
3, 461
List the prime factors of 8151.
3, 11, 13, 19
List the prime factors of 529.
23
List the prime factors of 101835.
3, 5, 31, 73
What are the prime factors of 4911?
3, 1637
List the prime factors of 564.
2, 3, 47
List the prime factors of 1623.
3, 541
What are the prime factors of 2287?
2287
What are the prime factors of 12783?
3, 4261
List the prime factors of 12868.
2, 3217
List the prime factors of 8904.
2, 3, 7, 53
What are the prime factors of 15847?
13, 23, 53
List the prime factors of 28339.
17, 1667
What are the prime factors of 1156?
2, 17
List the prime factors of 40864.
2, 1277
What are the prime factors of 504?
2, 3, 7
What are the prime factors of 6732?
2, 3, 11, 17
What are the prime factors of 21198?
2, 3, 3533
What are the prime factors of 2616?
2, 3, 109
What are the prime factors of 71869?
7, 10267
What are the prime factors of 13208?
2, 13, 127
List the prime factors of 775.
5, 31
What are the prime factors of 183551?
31, 191
What are the prime factors of 9985?
5, 1997
What are the prime factors of 14993?
11, 29, 47
List the prime factors of 4134.
2, 3, 13, 53
List the prime factors of 2166.
2, 3, 19
What are the prime factors of 32391?
3, 59, 61
What are the prime factors of 9385?
5, 1877
What are the prime factors of 45867?
3, 15289
What are the prime factors of 1447?
1447
What are the prime factors of 103046?
2, 67, 769
What are the prime factors of 21962?
2, 79, 139
What are the prime factors of 11656?
2, 31, 47
What are the prime factors of 11930?
2, 5, 1193
List the prime factors of 37411.
11, 19, 179
List the prime factors of 21299.
19, 59
What are the prime factors of 37404?
2, 3, 1039
List the prime factors of 9645.
3, 5, 643
List the prime factors of 5464.
2, 683
What are the prime factors of 641?
641
What are the prime factors of 3180?
2, 3, 5, 53
List the prime factors of 51330.
2, 3, 5, 29, 59
What are the prime factors of 11071?
11071
What are the prime factors of 7811?
73, 107
What are the prime factors of 28854?
2, 3, 7, 229
What are the prime factors of 1427?
1427
What are the prime factors of 1368?
2, 3, 19
What are the prime factors of 5192?
2, 11, 59
List the prime factors of 1415.
5, 283
What are the prime factors of 16661?
16661
List the prime factors of 38929.
11, 3539
List the prime factors of 685.
5, 137
List the prime factors of 10910.
2, 5, 1091
What are the prime factors of 461?
461
What are the prime factors of 424?
2, 53
List the prime factors of 6939.
3, 257
What are the prime factors of 53915?
5, 41, 263
What are the prime factors of 5411?
7, 773
What are the prime factors of 220?
2, 5, 11
What are the prime factors of 1045?
5, 11, 19
What are the prime factors of 6038?
2, 3019
What are the prime factors of 4602?
2, 3, 13, 59
List the prime factors of 9583.
7, 37